{"id":17,"date":"2020-10-07T14:56:28","date_gmt":"2020-10-07T14:56:28","guid":{"rendered":"https:\/\/theq17.qodeinteractive.com\/?page_id=17"},"modified":"2023-12-07T08:56:10","modified_gmt":"2023-12-07T08:56:10","slug":"main-home","status":"publish","type":"page","link":"https:\/\/miladi.mehdikennouche.com\/","title":{"rendered":"Main Home"},"content":{"rendered":"\t\t<div data-elementor-type=\"wp-page\" data-elementor-id=\"17\" class=\"elementor elementor-17\">\n\t\t\t\t\t\t\t\t\t<section class=\"elementor-section elementor-top-section elementor-element elementor-element-b7f36de elementor-section-full_width elementor-section-height-default elementor-section-height-default qodef-elementor-content-no\" data-id=\"b7f36de\" data-element_type=\"section\" data-settings=\"{&quot;background_background&quot;:&quot;classic&quot;}\">\n\t\t\t\t\t\t<div class=\"elementor-container elementor-column-gap-default\">\n\t\t\t\t\t<div class=\"elementor-column elementor-col-100 elementor-top-column elementor-element elementor-element-bedd92b\" data-id=\"bedd92b\" data-element_type=\"column\" data-settings=\"{&quot;background_background&quot;:&quot;classic&quot;}\">\n\t\t\t<div class=\"elementor-widget-wrap elementor-element-populated\">\n\t\t\t\t\t\t\t\t<div class=\"elementor-element elementor-element-64deab5 elementor-widget elementor-widget-text-editor\" data-id=\"64deab5\" data-element_type=\"widget\" data-widget_type=\"text-editor.default\">\n\t\t\t\t<div class=\"elementor-widget-container\">\n\t\t\t<style>\/*! elementor - v3.18.0 - 08-12-2023 *\/\n.elementor-widget-text-editor.elementor-drop-cap-view-stacked .elementor-drop-cap{background-color:#69727d;color:#fff}.elementor-widget-text-editor.elementor-drop-cap-view-framed .elementor-drop-cap{color:#69727d;border:3px solid;background-color:transparent}.elementor-widget-text-editor:not(.elementor-drop-cap-view-default) .elementor-drop-cap{margin-top:8px}.elementor-widget-text-editor:not(.elementor-drop-cap-view-default) .elementor-drop-cap-letter{width:1em;height:1em}.elementor-widget-text-editor .elementor-drop-cap{float:left;text-align:center;line-height:1;font-size:50px}.elementor-widget-text-editor .elementor-drop-cap-letter{display:inline-block}<\/style>\t\t\t\t\t\t\t\t\t\t<\/div>\n\t\t\t\t<\/div>\n\t\t\t\t\t<\/div>\n\t\t<\/div>\n\t\t\t\t\t\t\t<\/div>\n\t\t<\/section>\n\t\t\t\t<section class=\"elementor-section elementor-top-section elementor-element elementor-element-8171684 elementor-section-full_width elementor-section-height-default elementor-section-height-default qodef-elementor-content-no\" data-id=\"8171684\" data-element_type=\"section\">\n\t\t\t\t\t\t<div class=\"elementor-container elementor-column-gap-default\">\n\t\t\t\t\t<div class=\"elementor-column elementor-col-100 elementor-top-column elementor-element elementor-element-cbbd2ba\" data-id=\"cbbd2ba\" data-element_type=\"column\">\n\t\t\t<div class=\"elementor-widget-wrap elementor-element-populated\">\n\t\t\t\t\t\t\t\t<div class=\"elementor-element elementor-element-b2b5e9f elementor-widget elementor-widget-text-editor\" data-id=\"b2b5e9f\" data-element_type=\"widget\" data-widget_type=\"text-editor.default\">\n\t\t\t\t<div class=\"elementor-widget-container\">\n\t\t\t\t\t\t\t<h1>Nos GAteaux <\/h1>\t\t\t\t\t\t<\/div>\n\t\t\t\t<\/div>\n\t\t\t\t\t<\/div>\n\t\t<\/div>\n\t\t\t\t\t\t\t<\/div>\n\t\t<\/section>\n\t\t\t\t<section class=\"elementor-section elementor-top-section elementor-element elementor-element-cc5e383 elementor-section-full_width elementor-section-height-default elementor-section-height-default qodef-elementor-content-no\" data-id=\"cc5e383\" data-element_type=\"section\">\n\t\t\t\t\t\t<div class=\"elementor-container elementor-column-gap-default\">\n\t\t\t\t\t<div class=\"elementor-column elementor-col-100 elementor-top-column elementor-element elementor-element-84a9182\" data-id=\"84a9182\" data-element_type=\"column\">\n\t\t\t<div class=\"elementor-widget-wrap elementor-element-populated\">\n\t\t\t\t\t\t\t\t<div class=\"elementor-element elementor-element-f1347c8 elementor-widget elementor-widget-qi_addons_for_elementor_product_list\" data-id=\"f1347c8\" data-element_type=\"widget\" data-widget_type=\"qi_addons_for_elementor_product_list.default\">\n\t\t\t\t<div class=\"elementor-widget-container\">\n\t\t\t<div class=\"qodef-shortcode qodef-m  qodef-addons-woo-shortcode qodef-qi-woo-shortcode-product-list qodef-item-layout--info-below qodef-image--hover-zoom  qodef-qi-grid qodef-layout--qi-columns  qodef-col-num--4  qodef-item-layout--info-below qodef-responsive--predefined\" >\n\t<div class=\"qodef-grid-inner\">\n\t\t<div class=\"qodef-e qodef-grid-item product type-product post-1515 status-publish first instock product_cat-adolescents product_cat-adultes product_cat-anniversaire-deluxe product_cat-enfants product_cat-toutpetit has-post-thumbnail shipping-taxable purchasable product-type-variable\">\n\t<div class=\"qodef-e-product-inner\">\n\t\t\t\t\t<div class=\"qodef-e-product-image\">\n\t\t\t\t\t\t\t\t<div class=\"qodef-e-product-image-holder\">\n\t\t\t\t\t<img fetchpriority=\"high\" decoding=\"async\" width=\"900\" height=\"1028\" src=\"https:\/\/miladi.mehdikennouche.com\/wp-content\/uploads\/2023\/12\/rectangle.jpg\" class=\"attachment-full size-full\" alt=\"\" srcset=\"https:\/\/miladi.mehdikennouche.com\/wp-content\/uploads\/2023\/12\/rectangle.jpg 900w, https:\/\/miladi.mehdikennouche.com\/wp-content\/uploads\/2023\/12\/rectangle-600x685.jpg 600w, https:\/\/miladi.mehdikennouche.com\/wp-content\/uploads\/2023\/12\/rectangle-263x300.jpg 263w, https:\/\/miladi.mehdikennouche.com\/wp-content\/uploads\/2023\/12\/rectangle-896x1024.jpg 896w, https:\/\/miladi.mehdikennouche.com\/wp-content\/uploads\/2023\/12\/rectangle-768x877.jpg 768w\" sizes=\"(max-width: 900px) 100vw, 900px\" \/>\t\t\t\t<\/div>\n\t\t\t<\/div>\n\t\t\t\t<div class=\"qodef-e-product-content\">\n\t\t\t\t\t\t<h5 itemprop=\"name\" class=\"qodef-e-product-title qodef-e-title entry-title\">\n\t<a itemprop=\"url\" class=\"qodef-e-product-title-link\" href=\"https:\/\/miladi.mehdikennouche.com\/index.php\/produit\/gateau-praline\/\">\n\t\tG\u00e2teau Pralin\u00e9\t<\/a>\n<\/h5>\n\t\t\t\t\t<div class=\"qodef-woo-product-price price\"><span class=\"woocommerce-Price-amount amount\"><span class=\"woocommerce-Price-currencySymbol\">&#x62f;.&#x62c;<\/span>&nbsp;3.400,00<\/span><\/div>\n\t\t\t\t\t\t\t<a class=\"qodef-shortcode qodef-m button product_type_variable add_to_cart_button qodef-qi-button qodef-html--link qodef-layout--textual qodef-type--standard   qodef-icon--left qodef-hover--icon-move-horizontal-short   qodef-text-underline qodef-underline--left \" href=\"https:\/\/miladi.mehdikennouche.com\/index.php\/produit\/gateau-praline\/\" target=\"_self\" data-product_id=\"1515\" data-product_sku=\"16-1-1-1\" aria-label=\"S\u00e9lectionner les options pour &ldquo;G\u00e2teau Pralin\u00e9&rdquo;\" rel=\"nofollow\" data-quantity=\"1\">\t<span class=\"qodef-m-text\">Choix des options<\/span>\t<\/a>\t\t\t\t\t<\/div>\n\t\t<a href=\"https:\/\/miladi.mehdikennouche.com\/index.php\/produit\/gateau-praline\/\" class=\"woocommerce-LoopProduct-link woocommerce-loop-product__link\"><\/a>\t<\/div>\n<\/div>\n<div class=\"qodef-e qodef-grid-item product type-product post-1483 status-publish instock product_cat-adolescents product_cat-adultes product_cat-anniversaire-deluxe product_cat-enfants product_cat-toutpetit has-post-thumbnail shipping-taxable purchasable product-type-variable\">\n\t<div class=\"qodef-e-product-inner\">\n\t\t\t\t\t<div class=\"qodef-e-product-image\">\n\t\t\t\t\t\t\t\t<div class=\"qodef-e-product-image-holder\">\n\t\t\t\t\t<img decoding=\"async\" width=\"900\" height=\"1028\" src=\"https:\/\/miladi.mehdikennouche.com\/wp-content\/uploads\/2023\/12\/3-Etages.jpg\" class=\"attachment-full size-full\" alt=\"\" srcset=\"https:\/\/miladi.mehdikennouche.com\/wp-content\/uploads\/2023\/12\/3-Etages.jpg 900w, https:\/\/miladi.mehdikennouche.com\/wp-content\/uploads\/2023\/12\/3-Etages-600x685.jpg 600w, https:\/\/miladi.mehdikennouche.com\/wp-content\/uploads\/2023\/12\/3-Etages-263x300.jpg 263w, https:\/\/miladi.mehdikennouche.com\/wp-content\/uploads\/2023\/12\/3-Etages-896x1024.jpg 896w, https:\/\/miladi.mehdikennouche.com\/wp-content\/uploads\/2023\/12\/3-Etages-768x877.jpg 768w\" sizes=\"(max-width: 900px) 100vw, 900px\" \/>\t\t\t\t<\/div>\n\t\t\t<\/div>\n\t\t\t\t<div class=\"qodef-e-product-content\">\n\t\t\t\t\t\t<h5 itemprop=\"name\" class=\"qodef-e-product-title qodef-e-title entry-title\">\n\t<a itemprop=\"url\" class=\"qodef-e-product-title-link\" href=\"https:\/\/miladi.mehdikennouche.com\/index.php\/produit\/gateau-cube-design\/\">\n\t\tG\u00e2teau Cube Design\t<\/a>\n<\/h5>\n\t\t\t\t\t<div class=\"qodef-woo-product-price price\"><span class=\"woocommerce-Price-amount amount\"><span class=\"woocommerce-Price-currencySymbol\">&#x62f;.&#x62c;<\/span>&nbsp;10.000,00<\/span><\/div>\n\t\t\t\t\t\t\t<a class=\"qodef-shortcode qodef-m button product_type_variable add_to_cart_button qodef-qi-button qodef-html--link qodef-layout--textual qodef-type--standard   qodef-icon--left qodef-hover--icon-move-horizontal-short   qodef-text-underline qodef-underline--left \" href=\"https:\/\/miladi.mehdikennouche.com\/index.php\/produit\/gateau-cube-design\/\" target=\"_self\" data-product_id=\"1483\" data-product_sku=\"16-1-1\" aria-label=\"S\u00e9lectionner les options pour &ldquo;G\u00e2teau Cube Design&rdquo;\" rel=\"nofollow\" data-quantity=\"1\">\t<span class=\"qodef-m-text\">Choix des options<\/span>\t<\/a>\t\t\t\t\t<\/div>\n\t\t<a href=\"https:\/\/miladi.mehdikennouche.com\/index.php\/produit\/gateau-cube-design\/\" class=\"woocommerce-LoopProduct-link woocommerce-loop-product__link\"><\/a>\t<\/div>\n<\/div>\n<div class=\"qodef-e qodef-grid-item product type-product post-1451 status-publish last instock product_cat-adolescents product_cat-adultes product_cat-anniversaire-deluxe product_cat-enfants product_cat-toutpetit has-post-thumbnail shipping-taxable purchasable product-type-variable\">\n\t<div class=\"qodef-e-product-inner\">\n\t\t\t\t\t<div class=\"qodef-e-product-image\">\n\t\t\t\t\t\t\t\t<div class=\"qodef-e-product-image-holder\">\n\t\t\t\t\t<img decoding=\"async\" width=\"900\" height=\"1028\" src=\"https:\/\/miladi.mehdikennouche.com\/wp-content\/uploads\/2023\/12\/Carre.jpg\" class=\"attachment-full size-full\" alt=\"\" srcset=\"https:\/\/miladi.mehdikennouche.com\/wp-content\/uploads\/2023\/12\/Carre.jpg 900w, https:\/\/miladi.mehdikennouche.com\/wp-content\/uploads\/2023\/12\/Carre-600x685.jpg 600w, https:\/\/miladi.mehdikennouche.com\/wp-content\/uploads\/2023\/12\/Carre-263x300.jpg 263w, https:\/\/miladi.mehdikennouche.com\/wp-content\/uploads\/2023\/12\/Carre-896x1024.jpg 896w, https:\/\/miladi.mehdikennouche.com\/wp-content\/uploads\/2023\/12\/Carre-768x877.jpg 768w\" sizes=\"(max-width: 900px) 100vw, 900px\" \/>\t\t\t\t<\/div>\n\t\t\t<\/div>\n\t\t\t\t<div class=\"qodef-e-product-content\">\n\t\t\t\t\t\t<h5 itemprop=\"name\" class=\"qodef-e-product-title qodef-e-title entry-title\">\n\t<a itemprop=\"url\" class=\"qodef-e-product-title-link\" href=\"https:\/\/miladi.mehdikennouche.com\/index.php\/produit\/gateau-fraisier\/\">\n\t\tG\u00e2teau Fraisier\t<\/a>\n<\/h5>\n\t\t\t\t\t<div class=\"qodef-woo-product-price price\"><span class=\"woocommerce-Price-amount amount\"><span class=\"woocommerce-Price-currencySymbol\">&#x62f;.&#x62c;<\/span>&nbsp;4.500,00<\/span><\/div>\n\t\t\t\t\t\t\t<a class=\"qodef-shortcode qodef-m button product_type_variable add_to_cart_button qodef-qi-button qodef-html--link qodef-layout--textual qodef-type--standard   qodef-icon--left qodef-hover--icon-move-horizontal-short   qodef-text-underline qodef-underline--left \" href=\"https:\/\/miladi.mehdikennouche.com\/index.php\/produit\/gateau-fraisier\/\" target=\"_self\" data-product_id=\"1451\" data-product_sku=\"16-1\" aria-label=\"S\u00e9lectionner les options pour &ldquo;G\u00e2teau Fraisier&rdquo;\" rel=\"nofollow\" data-quantity=\"1\">\t<span class=\"qodef-m-text\">Choix des options<\/span>\t<\/a>\t\t\t\t\t<\/div>\n\t\t<a href=\"https:\/\/miladi.mehdikennouche.com\/index.php\/produit\/gateau-fraisier\/\" class=\"woocommerce-LoopProduct-link woocommerce-loop-product__link\"><\/a>\t<\/div>\n<\/div>\n<div class=\"qodef-e qodef-grid-item product type-product post-379 status-publish first instock product_cat-adolescents product_cat-adultes product_cat-anniversaire-deluxe product_cat-enfants product_cat-toutpetit has-post-thumbnail shipping-taxable purchasable product-type-variable\">\n\t<div class=\"qodef-e-product-inner\">\n\t\t\t\t\t<div class=\"qodef-e-product-image\">\n\t\t\t\t\t\t\t\t<div class=\"qodef-e-product-image-holder\">\n\t\t\t\t\t<img loading=\"lazy\" decoding=\"async\" width=\"900\" height=\"1028\" src=\"https:\/\/miladi.mehdikennouche.com\/wp-content\/uploads\/2020\/10\/Rond.jpg\" class=\"attachment-full size-full\" alt=\"\" srcset=\"https:\/\/miladi.mehdikennouche.com\/wp-content\/uploads\/2020\/10\/Rond.jpg 900w, https:\/\/miladi.mehdikennouche.com\/wp-content\/uploads\/2020\/10\/Rond-600x685.jpg 600w, https:\/\/miladi.mehdikennouche.com\/wp-content\/uploads\/2020\/10\/Rond-263x300.jpg 263w, https:\/\/miladi.mehdikennouche.com\/wp-content\/uploads\/2020\/10\/Rond-896x1024.jpg 896w, https:\/\/miladi.mehdikennouche.com\/wp-content\/uploads\/2020\/10\/Rond-768x877.jpg 768w\" sizes=\"(max-width: 900px) 100vw, 900px\" \/>\t\t\t\t<\/div>\n\t\t\t<\/div>\n\t\t\t\t<div class=\"qodef-e-product-content\">\n\t\t\t\t\t\t<h5 itemprop=\"name\" class=\"qodef-e-product-title qodef-e-title entry-title\">\n\t<a itemprop=\"url\" class=\"qodef-e-product-title-link\" href=\"https:\/\/miladi.mehdikennouche.com\/index.php\/produit\/gateau-chocolat-deluxe\/\">\n\t\tG\u00e2teau Chocolat deluxe\t<\/a>\n<\/h5>\n\t\t\t\t\t<div class=\"qodef-woo-product-price price\"><span class=\"woocommerce-Price-amount amount\"><span class=\"woocommerce-Price-currencySymbol\">&#x62f;.&#x62c;<\/span>&nbsp;5.500,00<\/span><\/div>\n\t\t\t\t\t\t\t<a class=\"qodef-shortcode qodef-m button product_type_variable add_to_cart_button qodef-qi-button qodef-html--link qodef-layout--textual qodef-type--standard   qodef-icon--left qodef-hover--icon-move-horizontal-short   qodef-text-underline qodef-underline--left \" href=\"https:\/\/miladi.mehdikennouche.com\/index.php\/produit\/gateau-chocolat-deluxe\/\" target=\"_self\" data-product_id=\"379\" data-product_sku=\"16\" aria-label=\"S\u00e9lectionner les options pour &ldquo;G\u00e2teau Chocolat deluxe&rdquo;\" rel=\"nofollow\" data-quantity=\"1\">\t<span class=\"qodef-m-text\">Choix des options<\/span>\t<\/a>\t\t\t\t\t<\/div>\n\t\t<a href=\"https:\/\/miladi.mehdikennouche.com\/index.php\/produit\/gateau-chocolat-deluxe\/\" class=\"woocommerce-LoopProduct-link woocommerce-loop-product__link\"><\/a>\t<\/div>\n<\/div>\n\t<\/div>\n\t<\/div>\n\t\t<\/div>\n\t\t\t\t<\/div>\n\t\t\t\t\t<\/div>\n\t\t<\/div>\n\t\t\t\t\t\t\t<\/div>\n\t\t<\/section>\n\t\t\t\t\t\t\t<\/div>\n\t\t","protected":false},"excerpt":{"rendered":"<p>Nos GAteaux G\u00e2teau Pralin\u00e9 &#x62f;.&#x62c;&nbsp;3.400,00 Choix des options G\u00e2teau Cube Design &#x62f;.&#x62c;&nbsp;10.000,00 Choix des options G\u00e2teau Fraisier &#x62f;.&#x62c;&nbsp;4.500,00 Choix des options G\u00e2teau Chocolat deluxe &#x62f;.&#x62c;&nbsp;5.500,00 Choix des options<\/p>\n","protected":false},"author":1,"featured_media":0,"parent":0,"menu_order":0,"comment_status":"closed","ping_status":"closed","template":"qi-full-width.php","meta":{"content-type":"","footnotes":""},"_links":{"self":[{"href":"https:\/\/miladi.mehdikennouche.com\/index.php\/wp-json\/wp\/v2\/pages\/17"}],"collection":[{"href":"https:\/\/miladi.mehdikennouche.com\/index.php\/wp-json\/wp\/v2\/pages"}],"about":[{"href":"https:\/\/miladi.mehdikennouche.com\/index.php\/wp-json\/wp\/v2\/types\/page"}],"author":[{"embeddable":true,"href":"https:\/\/miladi.mehdikennouche.com\/index.php\/wp-json\/wp\/v2\/users\/1"}],"replies":[{"embeddable":true,"href":"https:\/\/miladi.mehdikennouche.com\/index.php\/wp-json\/wp\/v2\/comments?post=17"}],"version-history":[{"count":9,"href":"https:\/\/miladi.mehdikennouche.com\/index.php\/wp-json\/wp\/v2\/pages\/17\/revisions"}],"predecessor-version":[{"id":1560,"href":"https:\/\/miladi.mehdikennouche.com\/index.php\/wp-json\/wp\/v2\/pages\/17\/revisions\/1560"}],"wp:attachment":[{"href":"https:\/\/miladi.mehdikennouche.com\/index.php\/wp-json\/wp\/v2\/media?parent=17"}],"curies":[{"name":"wp","href":"https:\/\/api.w.org\/{rel}","templated":true}]}}